{"id":106624,"date":"2021-09-13T15:28:07","date_gmt":"2021-09-13T13:28:07","guid":{"rendered":"https:\/\/www.pellegattamobili.com\/privacy-policy\/"},"modified":"2021-09-13T15:28:07","modified_gmt":"2021-09-13T13:28:07","slug":"privacy-policy","status":"publish","type":"page","link":"https:\/\/www.pellegattamobili.com\/en\/privacy-policy\/","title":{"rendered":"Privacy policy"},"content":{"rendered":"\r\n<h3 class=\"p1 wp-block-heading\"><b>Informativa privacy\u00a0<\/b><\/h3>\r\n<p class=\"p2\">Questo documento \u00e8 stato redatto ai sensi dell\u2019art. 13 del Regolamento UE 2016\/679 (di seguito: \u201c<b>Regolamento<\/b>\u201c) al fine di permetterti di conoscere la nostra politica sulla privacy, per capire come le tue informazioni personali vengono gestite quando utilizzi il nostro sito (di seguito \u201c<b>Sito<\/b>\u201c) e, ove necessario, di prestare un consenso al trattamento dei tuoi dati personali espresso e consapevole.<br \/>Le informazioni ed i dati da te forniti od altrimenti acquisiti nell\u2019ambito dell\u2019utilizzo dei servizi connessi al nostro sito di seguito \u201c<b>Servizi<\/b>\u201c), saranno oggetto di trattamento nel rispetto delle disposizioni del Regolamento e degli obblighi di riservatezza che ispirano la nostra attivit\u00e0.<\/p>\r\n<p class=\"p2\">Secondo le norme del Regolamento, i trattamenti effettuati saranno improntati ai principi di liceit\u00e0, correttezza, trasparenza, limitazione delle finalit\u00e0 e della conservazione, minimizzazione dei dati, esattezza, integrit\u00e0 e riservatezza.<\/p>\r\n<p class=\"p2\"><b>1. Chi \u00e8 il Titolare del trattamento dei tuoi dati personali?<\/b><\/p>\r\n<p class=\"p2\">Le finalit\u00e0 ed i mezzi del trattamento sono decisi dal titolare di PELLEGATTA SILVIO E ALESSANDRO SNC, il quale opera in qualti\u00e0 di titolare del trattamento (di seguito \u201c<b>Titolare<\/b>\u201c) ai sensi dell\u2019articolo 26 del Regolamento.<\/p>\r\n<p class=\"p2\"><b>2. Cosa si intende per dato personale e quali dati trattiamo?<\/b><\/p>\r\n<p class=\"p2\">Per \u201cDato personale\u201d si intende ogni informazione idonea a identificare, direttamente o indirettamente, una persona fisica, ed in questo caso Tu che utilizzi il nostro Sito.<\/p>\r\n<p class=\"p2\">In particolare, raccogliamo e trattiamo i tuoi dati personali necessari per l\u2019erogazione dei servizi richiesti, quali:<\/p>\r\n<ul class=\"ul1\">\r\n<li class=\"li4\">dati di navigazione;<\/li>\r\n<li class=\"li4\">dati di contatto (nome, cognome, ed email).<\/li>\r\n<\/ul>\r\n<p class=\"p2\">Raccogliamo, inoltre, i tuoi dati tramite cookies. I cookies sono dei piccoli files di dati che vengono memorizzati nel computer quando si accede ad un sito o a parti di questo. I Cookies ci permettono di garantire l\u2019operativit\u00e0 del Sito e di raccogliere informazioni statistiche e anonime sul suo utilizzo. \u00c8 possibile rifiutarsi di ricevere i cookies selezionando l\u2019impostazione appropriata sul proprio browser, ma ci\u00f2 potrebbe impedire l\u2019utilizzo integrale delle funzionalit\u00e0 del Sito. Per maggiori informazioni inerenti al nostro utilizzo dei cookies ti invitiamo a consultare la nostra cookie policy.<\/p>\r\n<p class=\"p2\">Il sito mcicom.it utilizza, in particolare, i cookie di Google Analytics. Per conoscere come Google utilizza i cookies su siti di terzi, puoi visitare\u00a0<a href=\"https:\/\/policies.google.com\/technologies\/partner-sites\"><span class=\"s1\">questo link<\/span><\/a>.<\/p>\r\n<p class=\"p2\"><b>3. Perch\u00e9 trattiamo i tuoi dati personali?<\/b><\/p>\r\n<p class=\"p2\">Innanzitutto, raccogliamo e trattiamo i dati personali che ti riguardano e che sono strettamente necessari per dare seguito alle tue richieste e ai servizi da te sottoscritti. In particolare:<\/p>\r\n<ul class=\"ul1\">\r\n<li class=\"li4\">rispondere a richieste di assistenza, di informazioni o di preventivo tramite il format \u201cContattaci\u201d, &#8220;Progetta con Noi&#8221; e &#8220;Scarica il Catalogo&#8221;;<\/li>\r\n<li class=\"li4\">informarti sulle nostre iniziative tramite il format \u201cNewsletter\u201d.<\/li>\r\n<\/ul>\r\n<p class=\"p2\">In ogni caso, ci impegniamo ad assicurare che le informazioni raccolte e utilizzate siano appropriate rispetto alle finalit\u00e0 descritte, e che ci\u00f2 non determini un\u2019invasione della tua sfera personale.<\/p>\r\n<p class=\"p2\"><b>4. Sulla base di quale condizione di liceit\u00e0 trattiamo i tuoi dati personali?<\/b><\/p>\r\n<p class=\"p2\">La condizione di liceit\u00e0 del trattamento di dati personali per le finalit\u00e0 di cui alla sezione 4 \u00e8 l\u2019art. 6 in quanto i trattamenti sono necessari all\u2019erogazione dei Servizi e per il riscontro di richieste dell\u2019interessato. In particolare, il conferimento dei dati personali per queste finalit\u00e0 \u00e8 facoltativo, ma l\u2019eventuale mancato conferimento comporterebbe l\u2019impossibilit\u00e0 di attivare i Servizi forniti dal Sito.<\/p>\r\n<p class=\"p2\">La finalit\u00e0 di cui alla sezione 4 rappresenta un trattamento legittimo di dati personali ai sensi dell\u2019art. 6 del Regolamento. Una volta conferiti i dati personali, il trattamento \u00e8 invero necessario per adempiere ad un obbligo di legge a cui potremmo essere soggetti.<\/p>\r\n<p class=\"p2\"><b>5. Come trattiamo i tuoi dati?<\/b><\/p>\r\n<p class=\"p2\">I tuoi dati personali potranno essere trattati mediante elaborazioni manuali o strumenti elettronici o comunque automatici, secondo logiche strettamente correlate alle finalit\u00e0 stesse o comunque in modo da garantire la riservatezza e la sicurezza dei Dati Personali (con particolare riguardo al caso di utilizzo di tecniche di comunicazione a distanza).<\/p>\r\n<p class=\"p2\"><b>6. A chi comunichiamo i tuoi dati?<\/b><\/p>\r\n<p class=\"p2\">I tuoi Dati Personali potranno essere condivisi, per le finalit\u00e0 di cui alla sezione 3 pi\u00f9 sopra, con:<\/p>\r\n<ul class=\"ul1\">\r\n<li class=\"li4\">soggetti che agiscono tipicamente in qualit\u00e0 di responsabili esterni del trattamento previa nostra nomina, ossia: i) persone, societ\u00e0 o studi professionali che prestano attivit\u00e0 di assistenza e consulenza in materia contabile, amministrativa, legale, tributaria, finanziaria relativamente alla erogazione dei Servizi; ii) soggetti con i quali sia necessario interagire per l\u2019erogazione dei Servizi (ad esempio gli hosting provider) iii) ovvero soggetti delegati a svolgere attivit\u00e0 di manutenzione tecnica (inclusa la manutenzione degli apparati di rete e delle reti di comunicazione elettronica);<\/li>\r\n<li class=\"li4\">soggetti, enti od autorit\u00e0 a cui sia obbligatorio comunicare i tuoi dati personali in forza di disposizioni di legge o di ordini delle autorit\u00e0;<\/li>\r\n<li class=\"li4\">soggetti che collaborano con PELLEGATTA SILVIO E ALESSANDRO SNC per l\u2019organizzazione di eventi;<\/li>\r\n<li class=\"li4\">persone autorizzate al trattamento di Dati Personali, necessario a svolgere attivit\u00e0 strettamente correlate all\u2019erogazione dei Servizi, che si siano impegnate alla riservatezza o abbiano un adeguato obbligo legale di riservatezza (es. collaboratori del Titolare).<\/li>\r\n<\/ul>\r\n<p class=\"p2\"><b>7. Dove trasferiamo i tuoi dati?<\/b><\/p>\r\n<p class=\"p2\">Di norma non trasferiamo i tuoi dati al di fuori dell\u2019Unione Europea. Qualora ci\u00f2 dovesse accadere, ci assicuriamo che il destinatario rispetti le disposizioni di cui al Regolamento ivi comprese le norme specificamente dettate per il trasferimento dei dati personali verso paesi terzi. In particolare, garantiamo che detti trasferimenti avvengano sulla base di una decisione di adeguatezza o della sottoscrizione da parte del responsabile di clausole contrattuali tipo di protezione dei dati approvate dalla Commissione Europea.<\/p>\r\n<p class=\"p2\"><b>8. Per quanto tempo conserviamo i tuoi dati?<\/b><\/p>\r\n<p class=\"p2\">Conserviamo i tuoi dati solo per il tempo necessario ad eseguire il trattamento per le finalit\u00e0 sopra menzionate. In particolare, riportiamo qui di seguito i principali periodi di utilizzo e conservazione dei tuoi dati personali con riferimento alle diverse finalit\u00e0 di trattamento:<\/p>\r\n<ul class=\"ul1\">\r\n<li class=\"li4\">per l\u2019adempimento di obblighi di legge, i tuoi dati saranno trattati e conservati finch\u00e9 persista la necessit\u00e0 del trattamento per adempiere a detti obblighi di legge.<\/li>\r\n<\/ul>\r\n<p class=\"p2\"><b>9. Quali sono i tuoi diritti?<\/b><\/p>\r\n<ul class=\"ul1\">\r\n<li class=\"li4\">Diritto di accesso: hai il diritto di ottenere la conferma circa l\u2019esistenza o meno di un trattamento concernente i tuoi dati nonch\u00e9 il diritto di ricevere ogni informazione relativa al medesimo trattamento.<\/li>\r\n<li class=\"li4\">Diritto alla rettifica: hai il diritto di ottenere la rettifica dei tuoi dati, qualora gli stessi siano incompleti o inesatti.<\/li>\r\n<li class=\"li4\">Diritto alla cancellazione (c.d. \u201cdiritto all\u2019oblio\u201d): in talune circostanze, hai il diritto di ottenere la cancellazione dei tuoi dati presenti all\u2019interno dei nostri archivi qualora non rilevanti ai fini della prosecuzione del rapporto contrattuale o necessari per obbligo di legge.<\/li>\r\n<li class=\"li4\">Diritto alla limitazione del trattamento: al verificarsi di talune condizioni, hai il diritto di ottenere la limitazione del trattamento, qualora non rilevante ai fini della prosecuzione del rapporto contrattuale o necessario per obbligo di legge.<\/li>\r\n<li class=\"li4\">Diritto alla portabilit\u00e0: hai il diritto di ottenere il trasferimento dei tuoi dati in favore di un diverso titolare.<\/li>\r\n<li class=\"li4\">Diritto di opposizione: hai il diritto di opporsi, in qualsiasi momento per motivi connessi alla sua situazione particolare, al trattamento dei dati che ti riguardano basati sulla condizione di liceit\u00e0 del legittimo interesse o dell\u2019esecuzione di un compito di interesse pubblico o dell\u2019esercizio di pubblici poteri, compresa la profilazione.<\/li>\r\n<li class=\"li4\">Diritto di revoca del consenso: hai il diritto di revocare il consenso al trattamento dei tuoi dati in qualsiasi momento, restando ferma la liceit\u00e0 del trattamento basata sul consenso prima della revoca.<\/li>\r\n<\/ul>\r\n<p class=\"p4\">Le richieste di esercizio dei diritti privacy possono essere rivolte per iscritto direttamente all\u2019indirizzo mail <a href=\"mailto:info@pellegattamobili.com\">info@pellegattamobili.com<\/a><\/p>\r\n<p class=\"p4\">L\u2019esercizio dei tuoi diritti in qualit\u00e0 di interessato \u00e8 gratuito ai sensi dell\u2019articolo 12 del Regolamento.<\/p>\r\n<p class=\"p4\">In ogni caso hai sempre diritto di proporre reclamo all\u2019Autorit\u00e0 di Controllo competente (Garante per la Protezione dei Dati Personali), ai sensi dell\u2019art. 77 del Regolamento, qualora ritieni che il trattamento dei tuoi Dati Personali sia contrario alla normativa in vigore.<\/p>\r\n<p class=\"p2\"><b>10. Per quanto tempo si applica questa privacy policy?<\/b><\/p>\r\n<p class=\"p2\">La presente privacy policy \u00e8 in vigore dal 25 maggio 2018. \u00a0Ci riserviamo di modificarne o semplicemente aggiornarne il contenuto, in parte o completamente, anche a causa di variazioni della normativa applicabile. Ti invita quindi a visitare con regolarit\u00e0 questa sezione per prendere cognizione della pi\u00f9 recente ed aggiornata versione della privacy policy in modo da essere sempre aggiornato sui dati raccolti e sull\u2019uso che ne facciamo.<\/p>\r\n","protected":false},"excerpt":{"rendered":"<p>Informativa privacy\u00a0 Questo documento \u00e8 stato redatto ai sensi dell\u2019art. 13 del Regolamento UE 2016\/679 (di seguito: \u201cRegolamento\u201c) al fine [&hellip;]<\/p>\n","protected":false},"author":5,"featured_media":0,"parent":0,"menu_order":0,"comment_status":"closed","ping_status":"open","template":"","meta":{"footnotes":""},"class_list":["post-106624","page","type-page","status-publish","hentry"],"_links":{"self":[{"href":"https:\/\/www.pellegattamobili.com\/en\/wp-json\/wp\/v2\/pages\/106624","targetHints":{"allow":["GET"]}}],"collection":[{"href":"https:\/\/www.pellegattamobili.com\/en\/wp-json\/wp\/v2\/pages"}],"about":[{"href":"https:\/\/www.pellegattamobili.com\/en\/wp-json\/wp\/v2\/types\/page"}],"author":[{"embeddable":true,"href":"https:\/\/www.pellegattamobili.com\/en\/wp-json\/wp\/v2\/users\/5"}],"replies":[{"embeddable":true,"href":"https:\/\/www.pellegattamobili.com\/en\/wp-json\/wp\/v2\/comments?post=106624"}],"version-history":[{"count":0,"href":"https:\/\/www.pellegattamobili.com\/en\/wp-json\/wp\/v2\/pages\/106624\/revisions"}],"wp:attachment":[{"href":"https:\/\/www.pellegattamobili.com\/en\/wp-json\/wp\/v2\/media?parent=106624"}],"curies":[{"name":"wp","href":"https:\/\/api.w.org\/{rel}","templated":true}]}}

<h3 class="p1 wp-block-heading"><b>Informativa privacy </b></h3>
<p class="p2">Questo documento è stato redatto ai sensi dell’art. 13 del Regolamento UE 2016/679 (di seguito: “<b>Regolamento</b>“) al fine di permetterti di conoscere la nostra politica sulla privacy, per capire come le tue informazioni personali vengono gestite quando utilizzi il nostro sito (di seguito “<b>Sito</b>“) e, ove necessario, di prestare un consenso al trattamento dei tuoi dati personali espresso e consapevole.<br />Le informazioni ed i dati da te forniti od altrimenti acquisiti nell’ambito dell’utilizzo dei servizi connessi al nostro sito di seguito “<b>Servizi</b>“), saranno oggetto di trattamento nel rispetto delle disposizioni del Regolamento e degli obblighi di riservatezza che ispirano la nostra attività.</p>
<p class="p2">Secondo le norme del Regolamento, i trattamenti effettuati saranno improntati ai principi di liceità, correttezza, trasparenza, limitazione delle finalità e della conservazione, minimizzazione dei dati, esattezza, integrità e riservatezza.</p>
<p class="p2"><b>1. Chi è il Titolare del trattamento dei tuoi dati personali?</b></p>
<p class="p2">Le finalità ed i mezzi del trattamento sono decisi dal titolare di PELLEGATTA SILVIO E ALESSANDRO SNC, il quale opera in qualtià di titolare del trattamento (di seguito “<b>Titolare</b>“) ai sensi dell’articolo 26 del Regolamento.</p>
<p class="p2"><b>2. Cosa si intende per dato personale e quali dati trattiamo?</b></p>
<p class="p2">Per “Dato personale” si intende ogni informazione idonea a identificare, direttamente o indirettamente, una persona fisica, ed in questo caso Tu che utilizzi il nostro Sito.</p>
<p class="p2">In particolare, raccogliamo e trattiamo i tuoi dati personali necessari per l’erogazione dei servizi richiesti, quali:</p>
<ul class="ul1">
<li class="li4">dati di navigazione;</li>
<li class="li4">dati di contatto (nome, cognome, ed email).</li>
</ul>
<p class="p2">Raccogliamo, inoltre, i tuoi dati tramite cookies. I cookies sono dei piccoli files di dati che vengono memorizzati nel computer quando si accede ad un sito o a parti di questo. I Cookies ci permettono di garantire l’operatività del Sito e di raccogliere informazioni statistiche e anonime sul suo utilizzo. È possibile rifiutarsi di ricevere i cookies selezionando l’impostazione appropriata sul proprio browser, ma ciò potrebbe impedire l’utilizzo integrale delle funzionalità del Sito. Per maggiori informazioni inerenti al nostro utilizzo dei cookies ti invitiamo a consultare la nostra cookie policy.</p>
<p class="p2">Il sito mcicom.it utilizza, in particolare, i cookie di Google Analytics. Per conoscere come Google utilizza i cookies su siti di terzi, puoi visitare <a href="https://policies.google.com/technologies/partner-sites"><span class="s1">questo link</span></a>.</p>
<p class="p2"><b>3. Perché trattiamo i tuoi dati personali?</b></p>
<p class="p2">Innanzitutto, raccogliamo e trattiamo i dati personali che ti riguardano e che sono strettamente necessari per dare seguito alle tue richieste e ai servizi da te sottoscritti. In particolare:</p>
<ul class="ul1">
<li class="li4">rispondere a richieste di assistenza, di informazioni o di preventivo tramite il format “Contattaci”, &#8220;Progetta con Noi&#8221; e &#8220;Scarica il Catalogo&#8221;;</li>
<li class="li4">informarti sulle nostre iniziative tramite il format “Newsletter”.</li>
</ul>
<p class="p2">In ogni caso, ci impegniamo ad assicurare che le informazioni raccolte e utilizzate siano appropriate rispetto alle finalità descritte, e che ciò non determini un’invasione della tua sfera personale.</p>
<p class="p2"><b>4. Sulla base di quale condizione di liceità trattiamo i tuoi dati personali?</b></p>
<p class="p2">La condizione di liceità del trattamento di dati personali per le finalità di cui alla sezione 4 è l’art. 6 in quanto i trattamenti sono necessari all’erogazione dei Servizi e per il riscontro di richieste dell’interessato. In particolare, il conferimento dei dati personali per queste finalità è facoltativo, ma l’eventuale mancato conferimento comporterebbe l’impossibilità di attivare i Servizi forniti dal Sito.</p>
<p class="p2">La finalità di cui alla sezione 4 rappresenta un trattamento legittimo di dati personali ai sensi dell’art. 6 del Regolamento. Una volta conferiti i dati personali, il trattamento è invero necessario per adempiere ad un obbligo di legge a cui potremmo essere soggetti.</p>
<p class="p2"><b>5. Come trattiamo i tuoi dati?</b></p>
<p class="p2">I tuoi dati personali potranno essere trattati mediante elaborazioni manuali o strumenti elettronici o comunque automatici, secondo logiche strettamente correlate alle finalità stesse o comunque in modo da garantire la riservatezza e la sicurezza dei Dati Personali (con particolare riguardo al caso di utilizzo di tecniche di comunicazione a distanza).</p>
<p class="p2"><b>6. A chi comunichiamo i tuoi dati?</b></p>
<p class="p2">I tuoi Dati Personali potranno essere condivisi, per le finalità di cui alla sezione 3 più sopra, con:</p>
<ul class="ul1">
<li class="li4">soggetti che agiscono tipicamente in qualità di responsabili esterni del trattamento previa nostra nomina, ossia: i) persone, società o studi professionali che prestano attività di assistenza e consulenza in materia contabile, amministrativa, legale, tributaria, finanziaria relativamente alla erogazione dei Servizi; ii) soggetti con i quali sia necessario interagire per l’erogazione dei Servizi (ad esempio gli hosting provider) iii) ovvero soggetti delegati a svolgere attività di manutenzione tecnica (inclusa la manutenzione degli apparati di rete e delle reti di comunicazione elettronica);</li>
<li class="li4">soggetti, enti od autorità a cui sia obbligatorio comunicare i tuoi dati personali in forza di disposizioni di legge o di ordini delle autorità;</li>
<li class="li4">soggetti che collaborano con PELLEGATTA SILVIO E ALESSANDRO SNC per l’organizzazione di eventi;</li>
<li class="li4">persone autorizzate al trattamento di Dati Personali, necessario a svolgere attività strettamente correlate all’erogazione dei Servizi, che si siano impegnate alla riservatezza o abbiano un adeguato obbligo legale di riservatezza (es. collaboratori del Titolare).</li>
</ul>
<p class="p2"><b>7. Dove trasferiamo i tuoi dati?</b></p>
<p class="p2">Di norma non trasferiamo i tuoi dati al di fuori dell’Unione Europea. Qualora ciò dovesse accadere, ci assicuriamo che il destinatario rispetti le disposizioni di cui al Regolamento ivi comprese le norme specificamente dettate per il trasferimento dei dati personali verso paesi terzi. In particolare, garantiamo che detti trasferimenti avvengano sulla base di una decisione di adeguatezza o della sottoscrizione da parte del responsabile di clausole contrattuali tipo di protezione dei dati approvate dalla Commissione Europea.</p>
<p class="p2"><b>8. Per quanto tempo conserviamo i tuoi dati?</b></p>
<p class="p2">Conserviamo i tuoi dati solo per il tempo necessario ad eseguire il trattamento per le finalità sopra menzionate. In particolare, riportiamo qui di seguito i principali periodi di utilizzo e conservazione dei tuoi dati personali con riferimento alle diverse finalità di trattamento:</p>
<ul class="ul1">
<li class="li4">per l’adempimento di obblighi di legge, i tuoi dati saranno trattati e conservati finché persista la necessità del trattamento per adempiere a detti obblighi di legge.</li>
</ul>
<p class="p2"><b>9. Quali sono i tuoi diritti?</b></p>
<ul class="ul1">
<li class="li4">Diritto di accesso: hai il diritto di ottenere la conferma circa l’esistenza o meno di un trattamento concernente i tuoi dati nonché il diritto di ricevere ogni informazione relativa al medesimo trattamento.</li>
<li class="li4">Diritto alla rettifica: hai il diritto di ottenere la rettifica dei tuoi dati, qualora gli stessi siano incompleti o inesatti.</li>
<li class="li4">Diritto alla cancellazione (c.d. “diritto all’oblio”): in talune circostanze, hai il diritto di ottenere la cancellazione dei tuoi dati presenti all’interno dei nostri archivi qualora non rilevanti ai fini della prosecuzione del rapporto contrattuale o necessari per obbligo di legge.</li>
<li class="li4">Diritto alla limitazione del trattamento: al verificarsi di talune condizioni, hai il diritto di ottenere la limitazione del trattamento, qualora non rilevante ai fini della prosecuzione del rapporto contrattuale o necessario per obbligo di legge.</li>
<li class="li4">Diritto alla portabilità: hai il diritto di ottenere il trasferimento dei tuoi dati in favore di un diverso titolare.</li>
<li class="li4">Diritto di opposizione: hai il diritto di opporsi, in qualsiasi momento per motivi connessi alla sua situazione particolare, al trattamento dei dati che ti riguardano basati sulla condizione di liceità del legittimo interesse o dell’esecuzione di un compito di interesse pubblico o dell’esercizio di pubblici poteri, compresa la profilazione.</li>
<li class="li4">Diritto di revoca del consenso: hai il diritto di revocare il consenso al trattamento dei tuoi dati in qualsiasi momento, restando ferma la liceità del trattamento basata sul consenso prima della revoca.</li>
</ul>
<p class="p4">Le richieste di esercizio dei diritti privacy possono essere rivolte per iscritto direttamente all’indirizzo mail <a href="mailto:info@pellegattamobili.com">info@pellegattamobili.com</a></p>
<p class="p4">L’esercizio dei tuoi diritti in qualità di interessato è gratuito ai sensi dell’articolo 12 del Regolamento.</p>
<p class="p4">In ogni caso hai sempre diritto di proporre reclamo all’Autorità di Controllo competente (Garante per la Protezione dei Dati Personali), ai sensi dell’art. 77 del Regolamento, qualora ritieni che il trattamento dei tuoi Dati Personali sia contrario alla normativa in vigore.</p>
<p class="p2"><b>10. Per quanto tempo si applica questa privacy policy?</b></p>
<p class="p2">La presente privacy policy è in vigore dal 25 maggio 2018.  Ci riserviamo di modificarne o semplicemente aggiornarne il contenuto, in parte o completamente, anche a causa di variazioni della normativa applicabile. Ti invita quindi a visitare con regolarità questa sezione per prendere cognizione della più recente ed aggiornata versione della privacy policy in modo da essere sempre aggiornato sui dati raccolti e sull’uso che ne facciamo.</p>

<p>Informativa privacy  Questo documento è stato redatto ai sensi dell’art. 13 del Regolamento UE 2016/679 (di seguito: “Regolamento“) al fine [&hellip;]</p>
