{"id":108440,"date":"2022-07-07T09:05:53","date_gmt":"2022-07-07T07:05:53","guid":{"rendered":"https:\/\/www.pellegattamobili.com\/progetti-su-misura\/"},"modified":"2026-08-03T15:42:48","modified_gmt":"2026-08-03T13:42:48","slug":"massgeschneiderte-projekte","status":"publish","type":"page","link":"https:\/\/www.pellegattamobili.com\/de\/massgeschneiderte-projekte\/","title":{"rendered":"Ma\u00dfgeschneiderte Projekte"},"content":{"rendered":"<div class=\"wpb-content-wrapper\"><p>[vc_row row_height_percent=&#8220;0&#8243; override_padding=&#8220;yes&#8220; h_padding=&#8220;2&#8243; top_padding=&#8220;4&#8243; bottom_padding=&#8220;4&#8243; overlay_alpha=&#8220;50&#8243; gutter_size=&#8220;3&#8243; column_width_percent=&#8220;100&#8243; shift_y=&#8220;0&#8243; z_index=&#8220;0&#8243; content_parallax=&#8220;0&#8243; uncode_shortcode_id=&#8220;474616&#8243;][vc_column column_width_percent=&#8220;100&#8243; gutter_size=&#8220;1&#8243; overlay_alpha=&#8220;50&#8243; shift_x=&#8220;0&#8243; shift_y=&#8220;0&#8243; shift_y_down=&#8220;0&#8243; z_index=&#8220;0&#8243; medium_width=&#8220;0&#8243; mobile_width=&#8220;0&#8243; width=&#8220;1\/2&#8243; uncode_shortcode_id=&#8220;753012&#8243;][vc_custom_heading text_color=&#8220;accent&#8220; heading_semantic=&#8220;h1&#8243; text_font=&#8220;font-175345&#8243; text_size=&#8220;fontsize-155944&#8243; text_weight=&#8220;400&#8243; heading_display=&#8220;inline&#8220; sub_reduced=&#8220;yes&#8220; uncode_shortcode_id=&#8220;861089&#8243; text_color_type=&#8220;uncode-palette&#8220;]Individuelles Design von Pellegatta[\/vc_custom_heading][vc_column_text uncode_shortcode_id=&#8220;124442&#8243;]<\/p>\n<p>Gestalten Sie einen einzigartigen Lebensraum, der ganz auf Sie zugeschnitten ist<\/p>\n<p>Sich f\u00fcr Pellegatta zu entscheiden bedeutet weit mehr, als ein Zuhause einzurichten. Es bedeutet, R\u00e4ume in einen authentischen Ausdruck der eigenen Pers\u00f6nlichkeit zu verwandeln \u2013 einen Ort, an dem jedes Detail Ihre Geschichte erz\u00e4hlt. Jedes ma\u00dfgeschneiderte Projekt beginnt mit einem aufmerksamen Verst\u00e4ndnis Ihrer W\u00fcnsche und nimmt Gestalt an durch eine italienische Handwerkstradition, die seit \u00fcber 160 Jahren f\u00fcr K\u00f6nnen, Eleganz und meisterhafte Fertigung steht.<\/p>\n<p>Nichts ist standardisiert. Nichts wird dem Zufall \u00fcberlassen. So entsteht ein einzigartiges M\u00f6belst\u00fcck, das sich vollkommen harmonisch in Ihr Zuhause einf\u00fcgt und Sie \u00fcber viele Jahre hinweg mit Qualit\u00e4t, Charakter und zeitloser Sch\u00f6nheit begleitet.<\/p>\n<p>Wir sind \u00fcberzeugt: Die sch\u00f6nsten Interieurs sind jene, die eine pers\u00f6nliche Geschichte erz\u00e4hlen \u2013 Ihre Geschichte.<\/p>\n<p>Deshalb entwickeln wir individuelle L\u00f6sungen, die \u00c4sthetik, Funktionalit\u00e4t und Langlebigkeit miteinander verbinden. Hochwertige Materialien und eine Liebe zum Detail, die an die Pr\u00e4zision der Haute Couture erinnert, verleihen jedem Raum eine besondere Ausstrahlung und machen jedes Element zu einem echten Unikat.<\/p>\n<p>Von der ersten Skizze bis zur finalen Montage verfolgen wir ein ebenso klares wie wertvolles Ziel: einen Raum zu schaffen, der Ihre Pers\u00f6nlichkeit widerspiegelt, Emotionen weckt und Ihnen jeden Tag das Gef\u00fchl gibt, wirklich zu Hause zu sein.[\/vc_column_text][\/vc_column][vc_column width=&#8220;1\/2&#8243;][vc_single_image media=&#8220;111867&#8243; media_width_percent=&#8220;100&#8243; uncode_shortcode_id=&#8220;918142&#8243;][vc_single_image media=&#8220;111901&#8243; media_width_percent=&#8220;100&#8243; uncode_shortcode_id=&#8220;167560&#8243;][\/vc_column][\/vc_row][vc_row unlock_row_content=&#8220;yes&#8220; row_height_percent=&#8220;0&#8243; override_padding=&#8220;yes&#8220; h_padding=&#8220;5&#8243; top_padding=&#8220;4&#8243; bottom_padding=&#8220;4&#8243; back_color=&#8220;color-lxmt&#8220; overlay_alpha=&#8220;50&#8243; equal_height=&#8220;yes&#8220; gutter_size=&#8220;4&#8243; column_width_percent=&#8220;100&#8243; shift_y=&#8220;0&#8243; z_index=&#8220;0&#8243; content_parallax=&#8220;0&#8243; uncode_shortcode_id=&#8220;149542&#8243; back_color_type=&#8220;uncode-palette&#8220;][vc_column column_width_percent=&#8220;100&#8243; align_horizontal=&#8220;align_center&#8220; gutter_size=&#8220;0&#8243; overlay_alpha=&#8220;50&#8243; shift_x=&#8220;0&#8243; shift_y=&#8220;0&#8243; shift_y_down=&#8220;0&#8243; z_index=&#8220;0&#8243; medium_width=&#8220;0&#8243; mobile_width=&#8220;0&#8243; css_animation=&#8220;left-t-right&#8220; animation_speed=&#8220;1000&#8243; width=&#8220;1\/1&#8243; uncode_shortcode_id=&#8220;943084&#8243;][vc_column_text text_lead=&#8220;yes&#8220; uncode_shortcode_id=&#8220;106198&#8243;]<\/p>\n<p>Entdecken Sie die ma\u00dfgeschneiderten Projekte von Pellegatta<\/p>\n<p>[\/vc_column_text][vc_empty_space empty_h=&#8220;2&#8243;][vc_empty_space empty_h=&#8220;2&#8243;][vc_tabs animation_active=&#8220;yes&#8220; accordion_bp=&#8220;yes&#8220; uncode_shortcode_id=&#8220;184256&#8243;][vc_tab gutter_size=&#8220;2&#8243; column_padding=&#8220;2&#8243; title=&#8220;Klassische Kollektionen&#8220; tab_id=&#8220;1771420629-1-84&#8243;][uncode_index el_id=&#8220;index-477819&#8243; isotope_mode=&#8220;fitRows&#8220; loop=&#8220;size:50|order_by:title|order:ASC|post_type:portfolio|tax_query:90|taxonomy_count:10&#8243; style_preset=&#8220;metro&#8220; screen_lg=&#8220;1000&#8243; screen_md=&#8220;600&#8243; screen_sm=&#8220;480&#8243; gutter_size=&#8220;3&#8243; single_width=&#8220;3&#8243; single_height=&#8220;3&#8243; single_overlay_opacity=&#8220;50&#8243; single_h_align=&#8220;center&#8220; single_padding=&#8220;2&#8243; uncode_shortcode_id=&#8220;213789&#8243;][\/vc_tab][vc_tab gutter_size=&#8220;2&#8243; column_padding=&#8220;2&#8243; title=&#8220;Zeitgen\u00f6ssische Kollektionen&#8220; tab_id=&#8220;1771420629-2-80&#8243;][uncode_index el_id=&#8220;index-477819&#8243; isotope_mode=&#8220;fitRows&#8220; loop=&#8220;size:50|order_by:title|order:ASC|post_type:portfolio|tax_query:136|taxonomy_count:10&#8243; style_preset=&#8220;metro&#8220; screen_lg=&#8220;1000&#8243; screen_md=&#8220;600&#8243; screen_sm=&#8220;480&#8243; gutter_size=&#8220;3&#8243; single_width=&#8220;3&#8243; single_height=&#8220;3&#8243; single_overlay_opacity=&#8220;50&#8243; single_h_align=&#8220;center&#8220; single_padding=&#8220;2&#8243; uncode_shortcode_id=&#8220;646972&#8243;][\/vc_tab][\/vc_tabs][\/vc_column][\/vc_row]<\/p>\n<\/div>","protected":false},"excerpt":{"rendered":"<p>[vc_row row_height_percent=&#8220;0&#8243; override_padding=&#8220;yes&#8220; h_padding=&#8220;2&#8243; top_padding=&#8220;4&#8243; bottom_padding=&#8220;4&#8243; overlay_alpha=&#8220;50&#8243; gutter_size=&#8220;3&#8243; column_width_percent=&#8220;100&#8243; shift_y=&#8220;0&#8243; z_index=&#8220;0&#8243; content_parallax=&#8220;0&#8243; uncode_shortcode_id=&#8220;474616&#8243;][vc_column column_width_percent=&#8220;100&#8243; gutter_size=&#8220;1&#8243; overlay_alpha=&#8220;50&#8243; shift_x=&#8220;0&#8243; shift_y=&#8220;0&#8243; shift_y_down=&#8220;0&#8243; z_index=&#8220;0&#8243; [&hellip;]<\/p>\n","protected":false},"author":4,"featured_media":0,"parent":0,"menu_order":0,"comment_status":"closed","ping_status":"closed","template":"","meta":{"footnotes":""},"class_list":["post-108440","page","type-page","status-publish","hentry","page_category-classic-de"],"_links":{"self":[{"href":"https:\/\/www.pellegattamobili.com\/de\/wp-json\/wp\/v2\/pages\/108440","targetHints":{"allow":["GET"]}}],"collection":[{"href":"https:\/\/www.pellegattamobili.com\/de\/wp-json\/wp\/v2\/pages"}],"about":[{"href":"https:\/\/www.pellegattamobili.com\/de\/wp-json\/wp\/v2\/types\/page"}],"author":[{"embeddable":true,"href":"https:\/\/www.pellegattamobili.com\/de\/wp-json\/wp\/v2\/users\/4"}],"replies":[{"embeddable":true,"href":"https:\/\/www.pellegattamobili.com\/de\/wp-json\/wp\/v2\/comments?post=108440"}],"version-history":[{"count":4,"href":"https:\/\/www.pellegattamobili.com\/de\/wp-json\/wp\/v2\/pages\/108440\/revisions"}],"predecessor-version":[{"id":112581,"href":"https:\/\/www.pellegattamobili.com\/de\/wp-json\/wp\/v2\/pages\/108440\/revisions\/112581"}],"wp:attachment":[{"href":"https:\/\/www.pellegattamobili.com\/de\/wp-json\/wp\/v2\/media?parent=108440"}],"curies":[{"name":"wp","href":"https:\/\/api.w.org\/{rel}","templated":true}]}}

Maßgeschneiderte Projekte

<div class="wpb-content-wrapper"><p>[vc_row row_height_percent=&#8220;0&#8243; override_padding=&#8220;yes&#8220; h_padding=&#8220;2&#8243; top_padding=&#8220;4&#8243; bottom_padding=&#8220;4&#8243; overlay_alpha=&#8220;50&#8243; gutter_size=&#8220;3&#8243; column_width_percent=&#8220;100&#8243; shift_y=&#8220;0&#8243; z_index=&#8220;0&#8243; content_parallax=&#8220;0&#8243; uncode_shortcode_id=&#8220;474616&#8243;][vc_column column_width_percent=&#8220;100&#8243; gutter_size=&#8220;1&#8243; overlay_alpha=&#8220;50&#8243; shift_x=&#8220;0&#8243; shift_y=&#8220;0&#8243; shift_y_down=&#8220;0&#8243; z_index=&#8220;0&#8243; medium_width=&#8220;0&#8243; mobile_width=&#8220;0&#8243; width=&#8220;1/2&#8243; uncode_shortcode_id=&#8220;753012&#8243;][vc_custom_heading text_color=&#8220;accent&#8220; heading_semantic=&#8220;h1&#8243; text_font=&#8220;font-175345&#8243; text_size=&#8220;fontsize-155944&#8243; text_weight=&#8220;400&#8243; heading_display=&#8220;inline&#8220; sub_reduced=&#8220;yes&#8220; uncode_shortcode_id=&#8220;861089&#8243; text_color_type=&#8220;uncode-palette&#8220;]Individuelles Design von Pellegatta[/vc_custom_heading][vc_column_text uncode_shortcode_id=&#8220;124442&#8243;]</p>
<p>Gestalten Sie einen einzigartigen Lebensraum, der ganz auf Sie zugeschnitten ist</p>
<p>Sich für Pellegatta zu entscheiden bedeutet weit mehr, als ein Zuhause einzurichten. Es bedeutet, Räume in einen authentischen Ausdruck der eigenen Persönlichkeit zu verwandeln – einen Ort, an dem jedes Detail Ihre Geschichte erzählt. Jedes maßgeschneiderte Projekt beginnt mit einem aufmerksamen Verständnis Ihrer Wünsche und nimmt Gestalt an durch eine italienische Handwerkstradition, die seit über 160 Jahren für Können, Eleganz und meisterhafte Fertigung steht.</p>
<p>Nichts ist standardisiert. Nichts wird dem Zufall überlassen. So entsteht ein einzigartiges Möbelstück, das sich vollkommen harmonisch in Ihr Zuhause einfügt und Sie über viele Jahre hinweg mit Qualität, Charakter und zeitloser Schönheit begleitet.</p>
<p>Wir sind überzeugt: Die schönsten Interieurs sind jene, die eine persönliche Geschichte erzählen – Ihre Geschichte.</p>
<p>Deshalb entwickeln wir individuelle Lösungen, die Ästhetik, Funktionalität und Langlebigkeit miteinander verbinden. Hochwertige Materialien und eine Liebe zum Detail, die an die Präzision der Haute Couture erinnert, verleihen jedem Raum eine besondere Ausstrahlung und machen jedes Element zu einem echten Unikat.</p>
<p>Von der ersten Skizze bis zur finalen Montage verfolgen wir ein ebenso klares wie wertvolles Ziel: einen Raum zu schaffen, der Ihre Persönlichkeit widerspiegelt, Emotionen weckt und Ihnen jeden Tag das Gefühl gibt, wirklich zu Hause zu sein.[/vc_column_text][/vc_column][vc_column width=&#8220;1/2&#8243;][vc_single_image media=&#8220;111867&#8243; media_width_percent=&#8220;100&#8243; uncode_shortcode_id=&#8220;918142&#8243;][vc_single_image media=&#8220;111901&#8243; media_width_percent=&#8220;100&#8243; uncode_shortcode_id=&#8220;167560&#8243;][/vc_column][/vc_row][vc_row unlock_row_content=&#8220;yes&#8220; row_height_percent=&#8220;0&#8243; override_padding=&#8220;yes&#8220; h_padding=&#8220;5&#8243; top_padding=&#8220;4&#8243; bottom_padding=&#8220;4&#8243; back_color=&#8220;color-lxmt&#8220; overlay_alpha=&#8220;50&#8243; equal_height=&#8220;yes&#8220; gutter_size=&#8220;4&#8243; column_width_percent=&#8220;100&#8243; shift_y=&#8220;0&#8243; z_index=&#8220;0&#8243; content_parallax=&#8220;0&#8243; uncode_shortcode_id=&#8220;149542&#8243; back_color_type=&#8220;uncode-palette&#8220;][vc_column column_width_percent=&#8220;100&#8243; align_horizontal=&#8220;align_center&#8220; gutter_size=&#8220;0&#8243; overlay_alpha=&#8220;50&#8243; shift_x=&#8220;0&#8243; shift_y=&#8220;0&#8243; shift_y_down=&#8220;0&#8243; z_index=&#8220;0&#8243; medium_width=&#8220;0&#8243; mobile_width=&#8220;0&#8243; css_animation=&#8220;left-t-right&#8220; animation_speed=&#8220;1000&#8243; width=&#8220;1/1&#8243; uncode_shortcode_id=&#8220;943084&#8243;][vc_column_text text_lead=&#8220;yes&#8220; uncode_shortcode_id=&#8220;106198&#8243;]</p>
<p>Entdecken Sie die maßgeschneiderten Projekte von Pellegatta</p>
<p>[/vc_column_text][vc_empty_space empty_h=&#8220;2&#8243;][vc_empty_space empty_h=&#8220;2&#8243;][vc_tabs animation_active=&#8220;yes&#8220; accordion_bp=&#8220;yes&#8220; uncode_shortcode_id=&#8220;184256&#8243;][vc_tab gutter_size=&#8220;2&#8243; column_padding=&#8220;2&#8243; title=&#8220;Klassische Kollektionen&#8220; tab_id=&#8220;1771420629-1-84&#8243;][uncode_index el_id=&#8220;index-477819&#8243; isotope_mode=&#8220;fitRows&#8220; loop=&#8220;size:50|order_by:title|order:ASC|post_type:portfolio|tax_query:90|taxonomy_count:10&#8243; style_preset=&#8220;metro&#8220; screen_lg=&#8220;1000&#8243; screen_md=&#8220;600&#8243; screen_sm=&#8220;480&#8243; gutter_size=&#8220;3&#8243; single_width=&#8220;3&#8243; single_height=&#8220;3&#8243; single_overlay_opacity=&#8220;50&#8243; single_h_align=&#8220;center&#8220; single_padding=&#8220;2&#8243; uncode_shortcode_id=&#8220;213789&#8243;][/vc_tab][vc_tab gutter_size=&#8220;2&#8243; column_padding=&#8220;2&#8243; title=&#8220;Zeitgenössische Kollektionen&#8220; tab_id=&#8220;1771420629-2-80&#8243;][uncode_index el_id=&#8220;index-477819&#8243; isotope_mode=&#8220;fitRows&#8220; loop=&#8220;size:50|order_by:title|order:ASC|post_type:portfolio|tax_query:136|taxonomy_count:10&#8243; style_preset=&#8220;metro&#8220; screen_lg=&#8220;1000&#8243; screen_md=&#8220;600&#8243; screen_sm=&#8220;480&#8243; gutter_size=&#8220;3&#8243; single_width=&#8220;3&#8243; single_height=&#8220;3&#8243; single_overlay_opacity=&#8220;50&#8243; single_h_align=&#8220;center&#8220; single_padding=&#8220;2&#8243; uncode_shortcode_id=&#8220;646972&#8243;][/vc_tab][/vc_tabs][/vc_column][/vc_row]</p>
</div>
